{"id":306,"date":"2024-07-27T17:08:33","date_gmt":"2024-07-27T17:08:33","guid":{"rendered":"https:\/\/tessaklooster.nl\/?page_id=306"},"modified":"2024-08-04T13:58:58","modified_gmt":"2024-08-04T13:58:58","slug":"verrassend-fraai-vogue","status":"publish","type":"page","link":"https:\/\/tessaklooster.nl\/index.php\/verrassend-fraai-vogue\/","title":{"rendered":"Verrassend fraai Vog\u00fc\u00e9"},"content":{"rendered":"\n<h2 class=\"wp-block-heading has-contrast-color has-text-color has-link-color wp-elements-d55213a3861d24c8ed8e3c329e7b20c6\">Ard\u00e8che: Verrassend fraai Vog\u00fc\u00e9 <\/h2>\n\n\n\n<p><em>Vog\u00fc\u00e9 &#8211; Ronde met adembenemende uitzichten op dorp en rivier de Ard\u00e8che<\/em> <em>(9,2 km)<\/em><\/p>\n\n\n\n<div class=\"wp-block-media-text is-stacked-on-mobile is-vertically-aligned-center has-background\" style=\"background-color:#e80707\"><figure class=\"wp-block-media-text__media\"><a href=\"https:\/\/mls7plsoevrd.i.optimole.com\/w:auto\/h:auto\/q:mauto\/ig:avif\/https:\/\/tessaklooster.nl\/wp-content\/uploads\/2024\/07\/P1011921-scaled.jpg\"><img fetchpriority=\"high\" decoding=\"async\" width=\"1024\" height=\"768\" src=\"https:\/\/mls7plsoevrd.i.optimole.com\/w:1024\/h:768\/q:mauto\/ig:avif\/https:\/\/tessaklooster.nl\/wp-content\/uploads\/2024\/07\/P1011921.jpg\" alt=\"Links op de afbeelding staan groene bomen. Daarvoor zie je grijsbeige stenen in de rivier. Rechtsonderin de stromende rivier en op de achtergrond de huisjes van het dorpje Vog\u00fc\u00e9\" class=\"wp-image-274 size-full\" srcset=\"https:\/\/mls7plsoevrd.i.optimole.com\/w:1024\/h:768\/q:mauto\/ig:avif\/https:\/\/tessaklooster.nl\/wp-content\/uploads\/2024\/07\/P1011921.jpg 1024w, https:\/\/mls7plsoevrd.i.optimole.com\/w:300\/h:225\/q:mauto\/ig:avif\/https:\/\/tessaklooster.nl\/wp-content\/uploads\/2024\/07\/P1011921.jpg 300w, https:\/\/mls7plsoevrd.i.optimole.com\/w:768\/h:576\/q:mauto\/ig:avif\/https:\/\/tessaklooster.nl\/wp-content\/uploads\/2024\/07\/P1011921.jpg 768w, https:\/\/mls7plsoevrd.i.optimole.com\/w:1440\/h:1080\/q:mauto\/ig:avif\/https:\/\/tessaklooster.nl\/wp-content\/uploads\/2024\/07\/P1011921.jpg 1536w, https:\/\/mls7plsoevrd.i.optimole.com\/w:1440\/h:1080\/q:mauto\/ig:avif\/https:\/\/tessaklooster.nl\/wp-content\/uploads\/2024\/07\/P1011921.jpg 2048w\" sizes=\"(max-width: 1024px) 100vw, 1024px\" \/><\/a><\/figure><div class=\"wp-block-media-text__content\">\n<p class=\"has-base-color has-text-color has-link-color wp-elements-6fe9c3ca63602e934b8d76770ad2992d\">Vog\u00fc\u00e9 &#8211; <em>Uitgeroepen tot \u00e9\u00e9n van de mooiste &#8216;villages&#8217; van Frankrijk. En dat is volledig terecht. Met haar kleine straatjes, luide cicaden en prachtig uitzicht op de rivier verraste het dorp in de Ard\u00e8che ons tr\u00e8s aangenaam. <\/em><\/p>\n<\/div><\/div>\n\n\n\n<p>Een indrukwekkende muur van kalksteenrots torent hoog uit boven Vog\u00fc\u00e9, als een grote broer die liefdevol op het dorpje en de Ard\u00e8che neerkijkt. En dat grote hart voor de Middeleeuwse huisjes en het stromende water begrijp je volledig als je vanaf een klein parkeerplaatsje vlak voor Viaduc de Vog\u00fc\u00e9 je auto hebt geparkeerd en onder het viaduct door loopt. <br><br><strong>Mooiste dorpen van Frankrijk<\/strong><br>Samen met Balazuc, vertegenwoordigt Vog\u00fc\u00e9 de Ard\u00e8che in de lijst met <a href=\"https:\/\/www.les-plus-beaux-villages-de-france.org\/fr\/\">mooiste dorpen van Frankrijk<\/a>. Je wordt ook werkelijk getrakteerd op een prachtig uitzicht, met aan de ene kant de Ard\u00e8che, die rustig langs het kleine dorp stroomt en rechts voor je de imposante kalksteenrotsen. Tel daar een nog-niet-te-fel zonnetje in juni bij op en je hebt een geweldige wandeling voor de boeg.<\/p>\n\n\n\n<figure class=\"wp-block-gallery has-nested-images columns-default is-cropped wp-block-gallery-1 is-layout-flex wp-block-gallery-is-layout-flex\">\n<figure class=\"wp-block-image size-large\"><a href=\"https:\/\/mls7plsoevrd.i.optimole.com\/w:auto\/h:auto\/q:mauto\/ig:avif\/https:\/\/tessaklooster.nl\/wp-content\/uploads\/2024\/07\/Afbeelding-van-WhatsApp-op-2024-07-27-om-18.57.49_42f04e67.jpg\"><img fetchpriority=\"high\" decoding=\"async\" width=\"1024\" height=\"768\" data-id=\"311\" src=\"https:\/\/mls7plsoevrd.i.optimole.com\/w:1024\/h:768\/q:mauto\/ig:avif\/https:\/\/tessaklooster.nl\/wp-content\/uploads\/2024\/07\/Afbeelding-van-WhatsApp-op-2024-07-27-om-18.57.49_42f04e67.jpg\" alt=\"\" class=\"wp-image-311\" srcset=\"https:\/\/mls7plsoevrd.i.optimole.com\/w:1024\/h:768\/q:mauto\/ig:avif\/https:\/\/tessaklooster.nl\/wp-content\/uploads\/2024\/07\/Afbeelding-van-WhatsApp-op-2024-07-27-om-18.57.49_42f04e67.jpg 1024w, https:\/\/mls7plsoevrd.i.optimole.com\/w:300\/h:225\/q:mauto\/ig:avif\/https:\/\/tessaklooster.nl\/wp-content\/uploads\/2024\/07\/Afbeelding-van-WhatsApp-op-2024-07-27-om-18.57.49_42f04e67.jpg 300w, https:\/\/mls7plsoevrd.i.optimole.com\/w:768\/h:576\/q:mauto\/ig:avif\/https:\/\/tessaklooster.nl\/wp-content\/uploads\/2024\/07\/Afbeelding-van-WhatsApp-op-2024-07-27-om-18.57.49_42f04e67.jpg 768w, https:\/\/mls7plsoevrd.i.optimole.com\/w:1440\/h:1080\/q:mauto\/ig:avif\/https:\/\/tessaklooster.nl\/wp-content\/uploads\/2024\/07\/Afbeelding-van-WhatsApp-op-2024-07-27-om-18.57.49_42f04e67.jpg 1536w, https:\/\/mls7plsoevrd.i.optimole.com\/w:auto\/h:auto\/q:mauto\/ig:avif\/https:\/\/tessaklooster.nl\/wp-content\/uploads\/2024\/07\/Afbeelding-van-WhatsApp-op-2024-07-27-om-18.57.49_42f04e67.jpg 2016w\" sizes=\"(max-width: 1024px) 100vw, 1024px\" \/><\/a><figcaption class=\"wp-element-caption\">Viaduc Vog\u00fc\u00e9<\/figcaption><\/figure>\n\n\n\n<figure class=\"wp-block-image size-large\"><a href=\"https:\/\/mls7plsoevrd.i.optimole.com\/w:auto\/h:auto\/q:mauto\/ig:avif\/https:\/\/tessaklooster.nl\/wp-content\/uploads\/2024\/07\/Vogue.jpg\"><img data-opt-src=\"https:\/\/mls7plsoevrd.i.optimole.com\/w:768\/h:1024\/q:mauto\/ig:avif\/https:\/\/tessaklooster.nl\/wp-content\/uploads\/2024\/07\/Vogue.jpg\"  decoding=\"async\" width=\"768\" height=\"1024\" data-id=\"273\" src=\"data:image/svg+xml,%3Csvg%20viewBox%3D%220%200%20768%201024%22%20width%3D%22768%22%20height%3D%221024%22%20xmlns%3D%22http%3A%2F%2Fwww.w3.org%2F2000%2Fsvg%22%3E%3Crect%20width%3D%22768%22%20height%3D%221024%22%20fill%3D%22transparent%22%2F%3E%3C%2Fsvg%3E\" alt=\"\" class=\"wp-image-273\" old-srcset=\"https:\/\/mls7plsoevrd.i.optimole.com\/w:768\/h:1024\/q:mauto\/ig:avif\/https:\/\/tessaklooster.nl\/wp-content\/uploads\/2024\/07\/Vogue.jpg 768w, https:\/\/mls7plsoevrd.i.optimole.com\/w:225\/h:300\/q:mauto\/ig:avif\/https:\/\/tessaklooster.nl\/wp-content\/uploads\/2024\/07\/Vogue.jpg 225w, https:\/\/mls7plsoevrd.i.optimole.com\/w:810\/h:1080\/q:mauto\/ig:avif\/https:\/\/tessaklooster.nl\/wp-content\/uploads\/2024\/07\/Vogue.jpg 1152w, https:\/\/mls7plsoevrd.i.optimole.com\/w:auto\/h:auto\/q:mauto\/ig:avif\/https:\/\/tessaklooster.nl\/wp-content\/uploads\/2024\/07\/Vogue.jpg 1512w\" \/><\/a><figcaption class=\"wp-element-caption\">Uitzicht op weg naar Vog\u00fc\u00e9<\/figcaption><\/figure>\n\n\n\n<figure class=\"wp-block-image size-large\"><a href=\"https:\/\/mls7plsoevrd.i.optimole.com\/w:auto\/h:auto\/q:mauto\/ig:avif\/https:\/\/tessaklooster.nl\/wp-content\/uploads\/2024\/07\/Afbeelding-van-WhatsApp-op-2024-07-27-om-18.57.50_ea9524ae.jpg\"><img data-opt-src=\"https:\/\/mls7plsoevrd.i.optimole.com\/w:768\/h:1024\/q:mauto\/ig:avif\/https:\/\/tessaklooster.nl\/wp-content\/uploads\/2024\/07\/Afbeelding-van-WhatsApp-op-2024-07-27-om-18.57.50_ea9524ae.jpg\"  decoding=\"async\" width=\"768\" height=\"1024\" data-id=\"310\" src=\"data:image/svg+xml,%3Csvg%20viewBox%3D%220%200%20768%201024%22%20width%3D%22768%22%20height%3D%221024%22%20xmlns%3D%22http%3A%2F%2Fwww.w3.org%2F2000%2Fsvg%22%3E%3Crect%20width%3D%22768%22%20height%3D%221024%22%20fill%3D%22transparent%22%2F%3E%3C%2Fsvg%3E\" alt=\"\" class=\"wp-image-310\" old-srcset=\"https:\/\/mls7plsoevrd.i.optimole.com\/w:768\/h:1024\/q:mauto\/ig:avif\/https:\/\/tessaklooster.nl\/wp-content\/uploads\/2024\/07\/Afbeelding-van-WhatsApp-op-2024-07-27-om-18.57.50_ea9524ae.jpg 768w, https:\/\/mls7plsoevrd.i.optimole.com\/w:225\/h:300\/q:mauto\/ig:avif\/https:\/\/tessaklooster.nl\/wp-content\/uploads\/2024\/07\/Afbeelding-van-WhatsApp-op-2024-07-27-om-18.57.50_ea9524ae.jpg 225w, https:\/\/mls7plsoevrd.i.optimole.com\/w:810\/h:1080\/q:mauto\/ig:avif\/https:\/\/tessaklooster.nl\/wp-content\/uploads\/2024\/07\/Afbeelding-van-WhatsApp-op-2024-07-27-om-18.57.50_ea9524ae.jpg 1152w, https:\/\/mls7plsoevrd.i.optimole.com\/w:auto\/h:auto\/q:mauto\/ig:avif\/https:\/\/tessaklooster.nl\/wp-content\/uploads\/2024\/07\/Afbeelding-van-WhatsApp-op-2024-07-27-om-18.57.50_ea9524ae.jpg 1512w\" \/><\/a><\/figure>\n\n\n\n<figure class=\"wp-block-image size-large\"><a href=\"https:\/\/mls7plsoevrd.i.optimole.com\/w:auto\/h:auto\/q:mauto\/ig:avif\/https:\/\/tessaklooster.nl\/wp-content\/uploads\/2024\/07\/Afbeelding-van-WhatsApp-op-2024-07-27-om-18.57.50_20042aa9.jpg\"><img data-opt-src=\"https:\/\/mls7plsoevrd.i.optimole.com\/w:1024\/h:768\/q:mauto\/ig:avif\/https:\/\/tessaklooster.nl\/wp-content\/uploads\/2024\/07\/Afbeelding-van-WhatsApp-op-2024-07-27-om-18.57.50_20042aa9.jpg\"  decoding=\"async\" width=\"1024\" height=\"768\" data-id=\"309\" src=\"data:image/svg+xml,%3Csvg%20viewBox%3D%220%200%201024%20768%22%20width%3D%221024%22%20height%3D%22768%22%20xmlns%3D%22http%3A%2F%2Fwww.w3.org%2F2000%2Fsvg%22%3E%3Crect%20width%3D%221024%22%20height%3D%22768%22%20fill%3D%22transparent%22%2F%3E%3C%2Fsvg%3E\" alt=\"\" class=\"wp-image-309\" old-srcset=\"https:\/\/mls7plsoevrd.i.optimole.com\/w:1024\/h:768\/q:mauto\/ig:avif\/https:\/\/tessaklooster.nl\/wp-content\/uploads\/2024\/07\/Afbeelding-van-WhatsApp-op-2024-07-27-om-18.57.50_20042aa9.jpg 1024w, https:\/\/mls7plsoevrd.i.optimole.com\/w:300\/h:225\/q:mauto\/ig:avif\/https:\/\/tessaklooster.nl\/wp-content\/uploads\/2024\/07\/Afbeelding-van-WhatsApp-op-2024-07-27-om-18.57.50_20042aa9.jpg 300w, https:\/\/mls7plsoevrd.i.optimole.com\/w:768\/h:576\/q:mauto\/ig:avif\/https:\/\/tessaklooster.nl\/wp-content\/uploads\/2024\/07\/Afbeelding-van-WhatsApp-op-2024-07-27-om-18.57.50_20042aa9.jpg 768w, https:\/\/mls7plsoevrd.i.optimole.com\/w:1440\/h:1080\/q:mauto\/ig:avif\/https:\/\/tessaklooster.nl\/wp-content\/uploads\/2024\/07\/Afbeelding-van-WhatsApp-op-2024-07-27-om-18.57.50_20042aa9.jpg 1536w, https:\/\/mls7plsoevrd.i.optimole.com\/w:auto\/h:auto\/q:mauto\/ig:avif\/https:\/\/tessaklooster.nl\/wp-content\/uploads\/2024\/07\/Afbeelding-van-WhatsApp-op-2024-07-27-om-18.57.50_20042aa9.jpg 2016w\" \/><\/a><figcaption class=\"wp-element-caption\">Kasteel Vog\u00fc\u00e9<\/figcaption><\/figure>\n<\/figure>\n\n\n\n<p><strong>Zingende cicades<\/strong><br>Veel toeristen komen naar Vog\u00fc\u00e9 om het kasteel te bezoeken. Dit bouwwerk werd in de elfde eeuw gebouwd en staat midden in het dorp. Het is al meer dan duizend jaar in handen van de familie Vog\u00fc\u00e9. Wie dezelfde wandeling doet, ziet het sowieso van de buitenkant als je het passerende weggetje beklimt, begeleid door het &#8216;gezang&#8217; van mannelijke cicaden (<em>cigales<\/em>&nbsp;in het Frans) die vrouwtjes proberen te imponeren<br><br><strong>Steppe en wijngaarden<\/strong><br>Het is een mooie, diverse wandeling. Eenmaal buiten het dorpje waan je je de eerste kilometer op de steppe. Geen groepen bomen die schaduw bieden, maar uitgestrekte vlakten met nog net geen trillende lucht boven de grond. Wees gerust, deze omgeving maakt plaats voor een verrassend fijn begroeid gebied om weer even op temperatuur te komen. En het rustige Saint-Germain met zijn prachtige wijngaarden. De rondwandeling eindigt, zoals dat hoort, in het dorpje. Waar je langs de rivier een heerlijk verkoelend drankje kunt drinken bij \u00e9\u00e9n van de restaurantjes. Uiteraard kun je er ook terecht voor een lunch of diner.<\/p>\n\n\n\n<figure class=\"wp-block-gallery has-nested-images columns-default is-cropped wp-block-gallery-2 is-layout-flex wp-block-gallery-is-layout-flex\">\n<figure class=\"wp-block-image size-large\"><a href=\"https:\/\/mls7plsoevrd.i.optimole.com\/w:auto\/h:auto\/q:mauto\/ig:avif\/https:\/\/tessaklooster.nl\/wp-content\/uploads\/2024\/07\/Afbeelding-van-WhatsApp-op-2024-07-27-om-18.57.50_9ec6b4be.jpg\"><img data-opt-src=\"https:\/\/mls7plsoevrd.i.optimole.com\/w:768\/h:1024\/q:mauto\/ig:avif\/https:\/\/tessaklooster.nl\/wp-content\/uploads\/2024\/07\/Afbeelding-van-WhatsApp-op-2024-07-27-om-18.57.50_9ec6b4be.jpg\"  decoding=\"async\" width=\"768\" height=\"1024\" data-id=\"314\" src=\"data:image/svg+xml,%3Csvg%20viewBox%3D%220%200%20768%201024%22%20width%3D%22768%22%20height%3D%221024%22%20xmlns%3D%22http%3A%2F%2Fwww.w3.org%2F2000%2Fsvg%22%3E%3Crect%20width%3D%22768%22%20height%3D%221024%22%20fill%3D%22transparent%22%2F%3E%3C%2Fsvg%3E\" alt=\"\" class=\"wp-image-314\" old-srcset=\"https:\/\/mls7plsoevrd.i.optimole.com\/w:768\/h:1024\/q:mauto\/ig:avif\/https:\/\/tessaklooster.nl\/wp-content\/uploads\/2024\/07\/Afbeelding-van-WhatsApp-op-2024-07-27-om-18.57.50_9ec6b4be.jpg 768w, https:\/\/mls7plsoevrd.i.optimole.com\/w:225\/h:300\/q:mauto\/ig:avif\/https:\/\/tessaklooster.nl\/wp-content\/uploads\/2024\/07\/Afbeelding-van-WhatsApp-op-2024-07-27-om-18.57.50_9ec6b4be.jpg 225w, https:\/\/mls7plsoevrd.i.optimole.com\/w:810\/h:1080\/q:mauto\/ig:avif\/https:\/\/tessaklooster.nl\/wp-content\/uploads\/2024\/07\/Afbeelding-van-WhatsApp-op-2024-07-27-om-18.57.50_9ec6b4be.jpg 1152w, https:\/\/mls7plsoevrd.i.optimole.com\/w:auto\/h:auto\/q:mauto\/ig:avif\/https:\/\/tessaklooster.nl\/wp-content\/uploads\/2024\/07\/Afbeelding-van-WhatsApp-op-2024-07-27-om-18.57.50_9ec6b4be.jpg 1512w\" \/><\/a><figcaption class=\"wp-element-caption\">Beschutting<\/figcaption><\/figure>\n\n\n\n<figure class=\"wp-block-image size-large\"><a href=\"https:\/\/mls7plsoevrd.i.optimole.com\/w:auto\/h:auto\/q:mauto\/ig:avif\/https:\/\/tessaklooster.nl\/wp-content\/uploads\/2024\/07\/Afbeelding-van-WhatsApp-op-2024-07-27-om-18.57.50_ff4527fb-1.jpg\"><img data-opt-src=\"https:\/\/mls7plsoevrd.i.optimole.com\/w:1024\/h:768\/q:mauto\/ig:avif\/https:\/\/tessaklooster.nl\/wp-content\/uploads\/2024\/07\/Afbeelding-van-WhatsApp-op-2024-07-27-om-18.57.50_ff4527fb-1.jpg\"  decoding=\"async\" width=\"1024\" height=\"768\" data-id=\"315\" src=\"data:image/svg+xml,%3Csvg%20viewBox%3D%220%200%201024%20768%22%20width%3D%221024%22%20height%3D%22768%22%20xmlns%3D%22http%3A%2F%2Fwww.w3.org%2F2000%2Fsvg%22%3E%3Crect%20width%3D%221024%22%20height%3D%22768%22%20fill%3D%22transparent%22%2F%3E%3C%2Fsvg%3E\" alt=\"\" class=\"wp-image-315\" old-srcset=\"https:\/\/mls7plsoevrd.i.optimole.com\/w:1024\/h:768\/q:mauto\/ig:avif\/https:\/\/tessaklooster.nl\/wp-content\/uploads\/2024\/07\/Afbeelding-van-WhatsApp-op-2024-07-27-om-18.57.50_ff4527fb-1.jpg 1024w, https:\/\/mls7plsoevrd.i.optimole.com\/w:300\/h:225\/q:mauto\/ig:avif\/https:\/\/tessaklooster.nl\/wp-content\/uploads\/2024\/07\/Afbeelding-van-WhatsApp-op-2024-07-27-om-18.57.50_ff4527fb-1.jpg 300w, https:\/\/mls7plsoevrd.i.optimole.com\/w:768\/h:576\/q:mauto\/ig:avif\/https:\/\/tessaklooster.nl\/wp-content\/uploads\/2024\/07\/Afbeelding-van-WhatsApp-op-2024-07-27-om-18.57.50_ff4527fb-1.jpg 768w, https:\/\/mls7plsoevrd.i.optimole.com\/w:1440\/h:1080\/q:mauto\/ig:avif\/https:\/\/tessaklooster.nl\/wp-content\/uploads\/2024\/07\/Afbeelding-van-WhatsApp-op-2024-07-27-om-18.57.50_ff4527fb-1.jpg 1536w, https:\/\/mls7plsoevrd.i.optimole.com\/w:auto\/h:auto\/q:mauto\/ig:avif\/https:\/\/tessaklooster.nl\/wp-content\/uploads\/2024\/07\/Afbeelding-van-WhatsApp-op-2024-07-27-om-18.57.50_ff4527fb-1.jpg 2016w\" \/><\/a><figcaption class=\"wp-element-caption\">Saint-Germain<\/figcaption><\/figure>\n\n\n\n<figure class=\"wp-block-image size-large\"><a href=\"https:\/\/mls7plsoevrd.i.optimole.com\/w:auto\/h:auto\/q:mauto\/ig:avif\/https:\/\/tessaklooster.nl\/wp-content\/uploads\/2024\/07\/Afbeelding-van-WhatsApp-op-2024-07-27-om-18.57.51_01360f55.jpg\"><img data-opt-src=\"https:\/\/mls7plsoevrd.i.optimole.com\/w:768\/h:1024\/q:mauto\/ig:avif\/https:\/\/tessaklooster.nl\/wp-content\/uploads\/2024\/07\/Afbeelding-van-WhatsApp-op-2024-07-27-om-18.57.51_01360f55.jpg\"  decoding=\"async\" width=\"768\" height=\"1024\" data-id=\"316\" src=\"data:image/svg+xml,%3Csvg%20viewBox%3D%220%200%20768%201024%22%20width%3D%22768%22%20height%3D%221024%22%20xmlns%3D%22http%3A%2F%2Fwww.w3.org%2F2000%2Fsvg%22%3E%3Crect%20width%3D%22768%22%20height%3D%221024%22%20fill%3D%22transparent%22%2F%3E%3C%2Fsvg%3E\" alt=\"\" class=\"wp-image-316\" old-srcset=\"https:\/\/mls7plsoevrd.i.optimole.com\/w:768\/h:1024\/q:mauto\/ig:avif\/https:\/\/tessaklooster.nl\/wp-content\/uploads\/2024\/07\/Afbeelding-van-WhatsApp-op-2024-07-27-om-18.57.51_01360f55.jpg 768w, https:\/\/mls7plsoevrd.i.optimole.com\/w:225\/h:300\/q:mauto\/ig:avif\/https:\/\/tessaklooster.nl\/wp-content\/uploads\/2024\/07\/Afbeelding-van-WhatsApp-op-2024-07-27-om-18.57.51_01360f55.jpg 225w, https:\/\/mls7plsoevrd.i.optimole.com\/w:810\/h:1080\/q:mauto\/ig:avif\/https:\/\/tessaklooster.nl\/wp-content\/uploads\/2024\/07\/Afbeelding-van-WhatsApp-op-2024-07-27-om-18.57.51_01360f55.jpg 1152w, https:\/\/mls7plsoevrd.i.optimole.com\/w:auto\/h:auto\/q:mauto\/ig:avif\/https:\/\/tessaklooster.nl\/wp-content\/uploads\/2024\/07\/Afbeelding-van-WhatsApp-op-2024-07-27-om-18.57.51_01360f55.jpg 1512w\" \/><\/a><figcaption class=\"wp-element-caption\">Wijngaard<\/figcaption><\/figure>\n<\/figure>\n\n\n\n<p class=\"has-base-color has-text-color has-background has-link-color wp-elements-a2ca957b22c46da4d6dee8fa1d8a6c71\" style=\"background-color:#e80707\">Wij bewandelden de route: <img data-opt-src=\"https:\/\/mls7plsoevrd.i.optimole.com\/w:auto\/h:auto\/q:mauto\/ig:avif\/https:\/\/tessaklooster.nl\/wp-content\/uploads\/2024\/07\/Logomark_Primary_RGB.png\"  decoding=\"async\" width=\"20\" height=\"20\" class=\"wp-image-292\" style=\"width: 20px;\" src=\"data:image/svg+xml,%3Csvg%20viewBox%3D%220%200%20100%%20100%%22%20width%3D%22100%%22%20height%3D%22100%%22%20xmlns%3D%22http%3A%2F%2Fwww.w3.org%2F2000%2Fsvg%22%3E%3Crect%20width%3D%22100%%22%20height%3D%22100%%22%20fill%3D%22transparent%22%2F%3E%3C%2Fsvg%3E\" alt=\"\" old-srcset=\"https:\/\/mls7plsoevrd.i.optimole.com\/w:auto\/h:auto\/q:mauto\/ig:avif\/https:\/\/tessaklooster.nl\/wp-content\/uploads\/2024\/07\/Logomark_Primary_RGB.png 1181w, https:\/\/mls7plsoevrd.i.optimole.com\/w:300\/h:300\/q:mauto\/ig:avif\/https:\/\/tessaklooster.nl\/wp-content\/uploads\/2024\/07\/Logomark_Primary_RGB.png 300w, https:\/\/mls7plsoevrd.i.optimole.com\/w:1024\/h:1024\/q:mauto\/ig:avif\/https:\/\/tessaklooster.nl\/wp-content\/uploads\/2024\/07\/Logomark_Primary_RGB.png 1024w, https:\/\/mls7plsoevrd.i.optimole.com\/w:150\/h:150\/q:mauto\/rt:fill\/g:ce\/ig:avif\/https:\/\/tessaklooster.nl\/wp-content\/uploads\/2024\/07\/Logomark_Primary_RGB.png 150w, https:\/\/mls7plsoevrd.i.optimole.com\/w:768\/h:768\/q:mauto\/ig:avif\/https:\/\/tessaklooster.nl\/wp-content\/uploads\/2024\/07\/Logomark_Primary_RGB.png 768w\" \/><strong> <\/strong><em><a href=\"https:\/\/www.komoot.nl\/tour\/1653944822?ref=aso&amp;share_token=akzGEe4AtD3rTojBvrtkkApFqgefLUdzOMJa50EWCZub01GtzB\">Vog\u00fc\u00e9 &#8211; Ronde met adembenemende uitzichten op het dorp en de rivier Ard\u00e8che<\/a><\/em>, met de Komoot App.<br><br>Afstand: 9,2 kilometer (we parkeerden even buiten en niet \u00edn het dorp).<br>Hoogteverschil: 173 meter<br>Tijd: 2 tot 3 uur (rustig tempo)<br><br>Beginpunt met auto:<br>(Gratis) Parkeerplaats: <a href=\"https:\/\/maps.app.goo.gl\/u6LYGMZZEDb4dvjS7\" target=\"_blank\" rel=\"noreferrer noopener\">70 Rue du Pigeonnier, 07200 Vog\u00fc\u00e9, Frankrijk<\/a><br>Vanaf daar wandel je onder Viaduc de Vog\u00fc\u00e9 door richting het dorp.<\/p>\n\n\n\n<figure class=\"wp-block-image size-full has-custom-border\"><a href=\"https:\/\/www.google.com\/maps\/place\/Parking\/@44.5443949,4.4129643,17z\/data=!4m15!1m8!3m7!1s0x12b51e12ad1e961b:0x77c4755a6d60146f!2zMDcyMDAgVm9nw7zDqSwgRnJhbmtyaWpr!3b1!8m2!3d44.551115!4d4.413293!16s%2Fm%2F02z0sgl!3m5!1s0x12b51fa6048416c7:0x53ed514479e8b3b2!8m2!3d44.544165!4d4.4130442!16s%2Fg%2F11rsf041n9?authuser=0&amp;entry=ttu\"><img data-opt-src=\"https:\/\/mls7plsoevrd.i.optimole.com\/w:auto\/h:auto\/q:mauto\/ig:avif\/https:\/\/tessaklooster.nl\/wp-content\/uploads\/2024\/07\/Wandeling-Vogue.png\"  decoding=\"async\" width=\"787\" height=\"472\" src=\"data:image/svg+xml,%3Csvg%20viewBox%3D%220%200%20100%%20100%%22%20width%3D%22100%%22%20height%3D%22100%%22%20xmlns%3D%22http%3A%2F%2Fwww.w3.org%2F2000%2Fsvg%22%3E%3Crect%20width%3D%22100%%22%20height%3D%22100%%22%20fill%3D%22transparent%22%2F%3E%3C%2Fsvg%3E\" alt=\"\" class=\"has-border-color wp-image-307\" style=\"border-color:#004096;border-width:3px\" old-srcset=\"https:\/\/mls7plsoevrd.i.optimole.com\/w:auto\/h:auto\/q:mauto\/ig:avif\/https:\/\/tessaklooster.nl\/wp-content\/uploads\/2024\/07\/Wandeling-Vogue.png 787w, https:\/\/mls7plsoevrd.i.optimole.com\/w:300\/h:180\/q:mauto\/ig:avif\/https:\/\/tessaklooster.nl\/wp-content\/uploads\/2024\/07\/Wandeling-Vogue.png 300w, https:\/\/mls7plsoevrd.i.optimole.com\/w:768\/h:461\/q:mauto\/ig:avif\/https:\/\/tessaklooster.nl\/wp-content\/uploads\/2024\/07\/Wandeling-Vogue.png 768w\" \/><\/a><figcaption class=\"wp-element-caption\">(c) Google Maps &#8211; Klik op de afbeelding om naar Maps te gaan.<\/figcaption><\/figure>\n\n\n\n<p><br><br><\/p>\n","protected":false},"excerpt":{"rendered":"<p>Ard\u00e8che: Verrassend fraai Vog\u00fc\u00e9 Vog\u00fc\u00e9 &#8211; Ronde met adembenemende uitzichten op dorp en rivier de Ard\u00e8che (9,2 km) Vog\u00fc\u00e9 &#8211; Uitgeroepen tot \u00e9\u00e9n van de mooiste &#8216;villages&#8217; van Frankrijk. En dat is volledig terecht. Met haar kleine straatjes, luide cicaden en prachtig uitzicht op de rivier verraste het dorp in de Ard\u00e8che ons tr\u00e8s aangenaam&#8230;.<\/p>\n","protected":false},"author":1,"featured_media":0,"parent":0,"menu_order":0,"comment_status":"closed","ping_status":"closed","template":"","meta":{"_themeisle_gutenberg_block_has_review":false,"footnotes":""},"class_list":["post-306","page","type-page","status-publish","hentry"],"_links":{"self":[{"href":"https:\/\/tessaklooster.nl\/index.php\/wp-json\/wp\/v2\/pages\/306","targetHints":{"allow":["GET"]}}],"collection":[{"href":"https:\/\/tessaklooster.nl\/index.php\/wp-json\/wp\/v2\/pages"}],"about":[{"href":"https:\/\/tessaklooster.nl\/index.php\/wp-json\/wp\/v2\/types\/page"}],"author":[{"embeddable":true,"href":"https:\/\/tessaklooster.nl\/index.php\/wp-json\/wp\/v2\/users\/1"}],"replies":[{"embeddable":true,"href":"https:\/\/tessaklooster.nl\/index.php\/wp-json\/wp\/v2\/comments?post=306"}],"version-history":[{"count":3,"href":"https:\/\/tessaklooster.nl\/index.php\/wp-json\/wp\/v2\/pages\/306\/revisions"}],"predecessor-version":[{"id":321,"href":"https:\/\/tessaklooster.nl\/index.php\/wp-json\/wp\/v2\/pages\/306\/revisions\/321"}],"wp:attachment":[{"href":"https:\/\/tessaklooster.nl\/index.php\/wp-json\/wp\/v2\/media?parent=306"}],"curies":[{"name":"wp","href":"https:\/\/api.w.org\/{rel}","templated":true}]}}